{"id":4354,"date":"2022-11-23T08:44:39","date_gmt":"2022-11-23T07:44:39","guid":{"rendered":"https:\/\/anguilleresponsable.com\/?page_id=4354"},"modified":"2022-12-03T11:05:18","modified_gmt":"2022-12-03T10:05:18","slug":"kustengebiete-und-mittelmeerlagunen","status":"publish","type":"page","link":"https:\/\/anguilleresponsable.com\/index.php\/de\/kustengebiete-und-mittelmeerlagunen\/","title":{"rendered":"K\u00fcstengebiete und Mittelmeerlagunen"},"content":{"rendered":"\t\t<div data-elementor-type=\"wp-page\" data-elementor-id=\"4354\" class=\"elementor elementor-4354\">\n\t\t\t\t\t\t<section class=\"elementor-section elementor-top-section elementor-element elementor-element-858a4d3 elementor-section-boxed elementor-section-height-default elementor-section-height-default\" data-id=\"858a4d3\" data-element_type=\"section\" data-e-type=\"section\">\n\t\t\t\t\t\t<div class=\"elementor-container elementor-column-gap-default\">\n\t\t\t\t\t<div class=\"elementor-column elementor-col-100 elementor-top-column elementor-element elementor-element-1274e46\" data-id=\"1274e46\" data-element_type=\"column\" data-e-type=\"column\">\n\t\t\t<div class=\"elementor-widget-wrap elementor-element-populated\">\n\t\t\t\t\t\t<div class=\"elementor-element elementor-element-97ed900 elementor-widget elementor-widget-text-editor\" data-id=\"97ed900\" data-element_type=\"widget\" data-e-type=\"widget\" data-widget_type=\"text-editor.default\">\n\t\t\t\t<div class=\"elementor-widget-container\">\n\t\t\t\t\t\t\t\t\t<p>Der Aalfang im Mittelmeer findet haupts\u00e4chlich in Lagunen\u00f6kosystemen statt, die durch eine Verbindung zwischen Meer und Lagune gekennzeichnet sind und im Okzitanischen als \u00ab\u00a0grau\u00a0\u00bb bezeichnet werden (ein Begriff f\u00fcr eine M\u00fcndung oder eine Rinne). Diese Lagunen oder K\u00fcstenteiche sind g\u00fcnstige Orte f\u00fcr das Eindringen der Glasaale und das Aufwachsen der Aale bis zu ihren Wanderzeiten. Etwa 60.000 Hektar Lagunen sind an der franz\u00f6sischen Mittelmeerk\u00fcste (einschlie\u00dflich Korsika) gelistet und werden von Fischergemeinschaften ausgebeutet, die verschiedene Fischarten fischen, darunter Aal, eine im Mittelmeer sehr gesch\u00e4tzte Art, davon wird ein Teil nach Italien zu Vergr\u00f6\u00dferungszwecken exportiert.<\/p><p>Es wird mit Seil, Verveux oder sogar Capetchade oder Cap\u00e9chade gefischt, einem System, das aus einem geraden Netz namens Paradi\u00e8re besteht, das den Fisch zu den Garnreusen f\u00fchrt, der um eine Fangkammer herum angeordnet ist.<\/p>\t\t\t\t\t\t\t\t<\/div>\n\t\t\t\t<\/div>\n\t\t\t\t<div class=\"elementor-element elementor-element-99c9775 elementor-widget elementor-widget-image\" data-id=\"99c9775\" data-element_type=\"widget\" data-e-type=\"widget\" data-widget_type=\"image.default\">\n\t\t\t\t<div class=\"elementor-widget-container\">\n\t\t\t\t\t\t\t\t\t\t\t\t<figure class=\"wp-caption\">\n\t\t\t\t\t\t\t\t\t\t<img fetchpriority=\"high\" decoding=\"async\" width=\"640\" height=\"480\" src=\"https:\/\/anguilleresponsable.com\/wp-content\/uploads\/2022\/10\/thau11-2.bmp\" class=\"attachment-large size-large wp-image-1775\" alt=\"\" srcset=\"https:\/\/anguilleresponsable.com\/wp-content\/uploads\/2022\/10\/thau11-2.bmp 640w, https:\/\/anguilleresponsable.com\/wp-content\/uploads\/2022\/10\/thau11-2-300x225.jpg 300w, https:\/\/anguilleresponsable.com\/wp-content\/uploads\/2022\/10\/thau11-2-360x270.jpg 360w\" sizes=\"(max-width: 640px) 100vw, 640px\" \/>\t\t\t\t\t\t\t\t\t\t\t<figcaption class=\"widget-image-caption wp-caption-text\">Erhebung einer Capechade in einer mediterranen Lagune<\/figcaption>\n\t\t\t\t\t\t\t\t\t\t<\/figure>\n\t\t\t\t\t\t\t\t\t<\/div>\n\t\t\t\t<\/div>\n\t\t\t\t<div class=\"elementor-element elementor-element-3fc4fdb elementor-widget elementor-widget-text-editor\" data-id=\"3fc4fdb\" data-element_type=\"widget\" data-e-type=\"widget\" data-widget_type=\"text-editor.default\">\n\t\t\t\t<div class=\"elementor-widget-container\">\n\t\t\t\t\t\t\t\t\t<p>An der Atlantikk\u00fcste findet man ebenfalls diese K\u00fcstenbecken und insbesondere an der K\u00fcste von Nouvelle-Aquitaine das Becken von Arcachon, dessen Ausdehnung je nach Gezeiten zwischen 4000 und 15500 ha betr\u00e4gt. Dort werden Aale mit Garnreusen gefischt.<\/p>\t\t\t\t\t\t\t\t<\/div>\n\t\t\t\t<\/div>\n\t\t\t\t\t<\/div>\n\t\t<\/div>\n\t\t\t\t\t<\/div>\n\t\t<\/section>\n\t\t\t\t<section class=\"elementor-section elementor-top-section elementor-element elementor-element-4931d09 elementor-section-boxed elementor-section-height-default elementor-section-height-default\" data-id=\"4931d09\" data-element_type=\"section\" data-e-type=\"section\">\n\t\t\t\t\t\t<div class=\"elementor-container elementor-column-gap-default\">\n\t\t\t\t\t<div class=\"elementor-column elementor-col-100 elementor-top-column elementor-element elementor-element-d3e8b47\" data-id=\"d3e8b47\" data-element_type=\"column\" data-e-type=\"column\">\n\t\t\t<div class=\"elementor-widget-wrap elementor-element-populated\">\n\t\t\t\t\t\t<div class=\"elementor-element elementor-element-c727738 elementor-widget elementor-widget-image\" data-id=\"c727738\" data-element_type=\"widget\" data-e-type=\"widget\" data-widget_type=\"image.default\">\n\t\t\t\t<div class=\"elementor-widget-container\">\n\t\t\t\t\t\t\t\t\t\t\t\t<figure class=\"wp-caption\">\n\t\t\t\t\t\t\t\t\t\t<img decoding=\"async\" width=\"1024\" height=\"683\" src=\"https:\/\/anguilleresponsable.com\/wp-content\/uploads\/2022\/10\/IMG_0216-1024x683.jpeg\" class=\"attachment-large size-large wp-image-2855\" alt=\"\" srcset=\"https:\/\/anguilleresponsable.com\/wp-content\/uploads\/2022\/10\/IMG_0216-1024x683.jpeg 1024w, https:\/\/anguilleresponsable.com\/wp-content\/uploads\/2022\/10\/IMG_0216-300x200.jpeg 300w, https:\/\/anguilleresponsable.com\/wp-content\/uploads\/2022\/10\/IMG_0216-768x512.jpeg 768w, https:\/\/anguilleresponsable.com\/wp-content\/uploads\/2022\/10\/IMG_0216-1536x1024.jpeg 1536w, https:\/\/anguilleresponsable.com\/wp-content\/uploads\/2022\/10\/IMG_0216-2048x1365.jpeg 2048w, https:\/\/anguilleresponsable.com\/wp-content\/uploads\/2022\/10\/IMG_0216-378x252.jpeg 378w\" sizes=\"(max-width: 1024px) 100vw, 1024px\" \/>\t\t\t\t\t\t\t\t\t\t\t<figcaption class=\"widget-image-caption wp-caption-text\">Das Arcachon-Becken und die Leyre-M\u00fcndung, ein Gebiet mit hoher Biodiversit\u00e4t und Fischerei.<\/figcaption>\n\t\t\t\t\t\t\t\t\t\t<\/figure>\n\t\t\t\t\t\t\t\t\t<\/div>\n\t\t\t\t<\/div>\n\t\t\t\t\t<\/div>\n\t\t<\/div>\n\t\t\t\t\t<\/div>\n\t\t<\/section>\n\t\t\t\t<\/div>\n\t\t","protected":false},"excerpt":{"rendered":"Der Aalfang im Mittelmeer findet haupts\u00e4chlich in Lagunen\u00f6kosystemen statt, die durch eine Verbindung zwischen Meer und Lagune gekennzeichnet sind und im Okzitanischen als \u00ab\u00a0grau\u00a0\u00bb bezeichnet werden (ein Begriff f\u00fcr eine M\u00fcndung oder eine Rinne). Diese Lagunen oder K\u00fcstenteiche sind g\u00fcnstige Orte f\u00fcr das Eindringen der Glasaale und das Aufwachsen der Aale bis zu ihren Wanderzeiten. ","protected":false},"author":2,"featured_media":0,"parent":0,"menu_order":0,"comment_status":"closed","ping_status":"closed","template":"","meta":{"footnotes":""},"class_list":["post-4354","page","type-page","status-publish","hentry"],"yoast_head":"<!-- This site is optimized with the Yoast SEO plugin v27.2 - https:\/\/yoast.com\/product\/yoast-seo-wordpress\/ -->\n<title>K\u00fcstengebiete und Mittelmeerlagunen - Anguille Responsable<\/title>\n<meta name=\"robots\" content=\"index, follow, max-snippet:-1, max-image-preview:large, max-video-preview:-1\" \/>\n<link rel=\"canonical\" href=\"https:\/\/anguilleresponsable.com\/index.php\/de\/kustengebiete-und-mittelmeerlagunen\/\" \/>\n<meta property=\"og:locale\" content=\"fr_FR\" \/>\n<meta property=\"og:type\" content=\"article\" \/>\n<meta property=\"og:title\" content=\"K\u00fcstengebiete und Mittelmeerlagunen - Anguille Responsable\" \/>\n<meta property=\"og:description\" content=\"Der Aalfang im Mittelmeer findet haupts\u00e4chlich in Lagunen\u00f6kosystemen statt, die durch eine Verbindung zwischen Meer und Lagune gekennzeichnet sind und im Okzitanischen als \u00ab\u00a0grau\u00a0\u00bb bezeichnet werden (ein Begriff f\u00fcr eine M\u00fcndung oder eine Rinne). Diese Lagunen oder K\u00fcstenteiche sind g\u00fcnstige Orte f\u00fcr das Eindringen der Glasaale und das Aufwachsen der Aale bis zu ihren Wanderzeiten.\" \/>\n<meta property=\"og:url\" content=\"https:\/\/anguilleresponsable.com\/index.php\/de\/kustengebiete-und-mittelmeerlagunen\/\" \/>\n<meta property=\"og:site_name\" content=\"Anguille Responsable\" \/>\n<meta property=\"article:modified_time\" content=\"2022-12-03T10:05:18+00:00\" \/>\n<meta property=\"og:image\" content=\"https:\/\/anguilleresponsable.com\/wp-content\/uploads\/2022\/10\/thau11-2.bmp\" \/>\n<meta name=\"twitter:card\" content=\"summary_large_image\" \/>\n<meta name=\"twitter:label1\" content=\"Dur\u00e9e de lecture estim\u00e9e\" \/>\n\t<meta name=\"twitter:data1\" content=\"1 minute\" \/>\n<script type=\"application\/ld+json\" class=\"yoast-schema-graph\">{\"@context\":\"https:\/\/schema.org\",\"@graph\":[{\"@type\":\"WebPage\",\"@id\":\"https:\/\/anguilleresponsable.com\/index.php\/de\/kustengebiete-und-mittelmeerlagunen\/\",\"url\":\"https:\/\/anguilleresponsable.com\/index.php\/de\/kustengebiete-und-mittelmeerlagunen\/\",\"name\":\"K\u00fcstengebiete und Mittelmeerlagunen - Anguille Responsable\",\"isPartOf\":{\"@id\":\"https:\/\/anguilleresponsable.com\/#website\"},\"primaryImageOfPage\":{\"@id\":\"https:\/\/anguilleresponsable.com\/index.php\/de\/kustengebiete-und-mittelmeerlagunen\/#primaryimage\"},\"image\":{\"@id\":\"https:\/\/anguilleresponsable.com\/index.php\/de\/kustengebiete-und-mittelmeerlagunen\/#primaryimage\"},\"thumbnailUrl\":\"https:\/\/anguilleresponsable.com\/wp-content\/uploads\/2022\/10\/thau11-2.bmp\",\"datePublished\":\"2022-11-23T07:44:39+00:00\",\"dateModified\":\"2022-12-03T10:05:18+00:00\",\"breadcrumb\":{\"@id\":\"https:\/\/anguilleresponsable.com\/index.php\/de\/kustengebiete-und-mittelmeerlagunen\/#breadcrumb\"},\"inLanguage\":\"fr-FR\",\"potentialAction\":[{\"@type\":\"ReadAction\",\"target\":[\"https:\/\/anguilleresponsable.com\/index.php\/de\/kustengebiete-und-mittelmeerlagunen\/\"]}]},{\"@type\":\"ImageObject\",\"inLanguage\":\"fr-FR\",\"@id\":\"https:\/\/anguilleresponsable.com\/index.php\/de\/kustengebiete-und-mittelmeerlagunen\/#primaryimage\",\"url\":\"https:\/\/anguilleresponsable.com\/wp-content\/uploads\/2022\/10\/thau11-2.bmp\",\"contentUrl\":\"https:\/\/anguilleresponsable.com\/wp-content\/uploads\/2022\/10\/thau11-2.bmp\",\"width\":640,\"height\":480,\"caption\":\"capetchade de l'\u00e9tang de Thau\"},{\"@type\":\"BreadcrumbList\",\"@id\":\"https:\/\/anguilleresponsable.com\/index.php\/de\/kustengebiete-und-mittelmeerlagunen\/#breadcrumb\",\"itemListElement\":[{\"@type\":\"ListItem\",\"position\":1,\"name\":\"Accueil\",\"item\":\"https:\/\/anguilleresponsable.com\/\"},{\"@type\":\"ListItem\",\"position\":2,\"name\":\"K\u00fcstengebiete und Mittelmeerlagunen\"}]},{\"@type\":\"WebSite\",\"@id\":\"https:\/\/anguilleresponsable.com\/#website\",\"url\":\"https:\/\/anguilleresponsable.com\/\",\"name\":\"Anguille Responsable\",\"description\":\"Association Fran\u00e7aise pour la Promotion de la Marque Anguille Responsable\",\"publisher\":{\"@id\":\"https:\/\/anguilleresponsable.com\/#organization\"},\"alternateName\":\"AFPMAR\",\"potentialAction\":[{\"@type\":\"SearchAction\",\"target\":{\"@type\":\"EntryPoint\",\"urlTemplate\":\"https:\/\/anguilleresponsable.com\/?s={search_term_string}\"},\"query-input\":{\"@type\":\"PropertyValueSpecification\",\"valueRequired\":true,\"valueName\":\"search_term_string\"}}],\"inLanguage\":\"fr-FR\"},{\"@type\":\"Organization\",\"@id\":\"https:\/\/anguilleresponsable.com\/#organization\",\"name\":\"Anguille responsable\",\"alternateName\":\"AFPMAR\",\"url\":\"https:\/\/anguilleresponsable.com\/\",\"logo\":{\"@type\":\"ImageObject\",\"inLanguage\":\"fr-FR\",\"@id\":\"https:\/\/anguilleresponsable.com\/#\/schema\/logo\/image\/\",\"url\":\"https:\/\/anguilleresponsable.com\/wp-content\/uploads\/2024\/06\/marqueAFPMAR.jpg\",\"contentUrl\":\"https:\/\/anguilleresponsable.com\/wp-content\/uploads\/2024\/06\/marqueAFPMAR.jpg\",\"width\":1563,\"height\":1563,\"caption\":\"Anguille responsable\"},\"image\":{\"@id\":\"https:\/\/anguilleresponsable.com\/#\/schema\/logo\/image\/\"}}]}<\/script>\n<!-- \/ Yoast SEO plugin. -->","yoast_head_json":{"title":"K\u00fcstengebiete und Mittelmeerlagunen - Anguille Responsable","robots":{"index":"index","follow":"follow","max-snippet":"max-snippet:-1","max-image-preview":"max-image-preview:large","max-video-preview":"max-video-preview:-1"},"canonical":"https:\/\/anguilleresponsable.com\/index.php\/de\/kustengebiete-und-mittelmeerlagunen\/","og_locale":"fr_FR","og_type":"article","og_title":"K\u00fcstengebiete und Mittelmeerlagunen - Anguille Responsable","og_description":"Der Aalfang im Mittelmeer findet haupts\u00e4chlich in Lagunen\u00f6kosystemen statt, die durch eine Verbindung zwischen Meer und Lagune gekennzeichnet sind und im Okzitanischen als \u00ab\u00a0grau\u00a0\u00bb bezeichnet werden (ein Begriff f\u00fcr eine M\u00fcndung oder eine Rinne). Diese Lagunen oder K\u00fcstenteiche sind g\u00fcnstige Orte f\u00fcr das Eindringen der Glasaale und das Aufwachsen der Aale bis zu ihren Wanderzeiten.","og_url":"https:\/\/anguilleresponsable.com\/index.php\/de\/kustengebiete-und-mittelmeerlagunen\/","og_site_name":"Anguille Responsable","article_modified_time":"2022-12-03T10:05:18+00:00","og_image":[{"url":"https:\/\/anguilleresponsable.com\/wp-content\/uploads\/2022\/10\/thau11-2.bmp","type":"","width":"","height":""}],"twitter_card":"summary_large_image","twitter_misc":{"Dur\u00e9e de lecture estim\u00e9e":"1 minute"},"schema":{"@context":"https:\/\/schema.org","@graph":[{"@type":"WebPage","@id":"https:\/\/anguilleresponsable.com\/index.php\/de\/kustengebiete-und-mittelmeerlagunen\/","url":"https:\/\/anguilleresponsable.com\/index.php\/de\/kustengebiete-und-mittelmeerlagunen\/","name":"K\u00fcstengebiete und Mittelmeerlagunen - Anguille Responsable","isPartOf":{"@id":"https:\/\/anguilleresponsable.com\/#website"},"primaryImageOfPage":{"@id":"https:\/\/anguilleresponsable.com\/index.php\/de\/kustengebiete-und-mittelmeerlagunen\/#primaryimage"},"image":{"@id":"https:\/\/anguilleresponsable.com\/index.php\/de\/kustengebiete-und-mittelmeerlagunen\/#primaryimage"},"thumbnailUrl":"https:\/\/anguilleresponsable.com\/wp-content\/uploads\/2022\/10\/thau11-2.bmp","datePublished":"2022-11-23T07:44:39+00:00","dateModified":"2022-12-03T10:05:18+00:00","breadcrumb":{"@id":"https:\/\/anguilleresponsable.com\/index.php\/de\/kustengebiete-und-mittelmeerlagunen\/#breadcrumb"},"inLanguage":"fr-FR","potentialAction":[{"@type":"ReadAction","target":["https:\/\/anguilleresponsable.com\/index.php\/de\/kustengebiete-und-mittelmeerlagunen\/"]}]},{"@type":"ImageObject","inLanguage":"fr-FR","@id":"https:\/\/anguilleresponsable.com\/index.php\/de\/kustengebiete-und-mittelmeerlagunen\/#primaryimage","url":"https:\/\/anguilleresponsable.com\/wp-content\/uploads\/2022\/10\/thau11-2.bmp","contentUrl":"https:\/\/anguilleresponsable.com\/wp-content\/uploads\/2022\/10\/thau11-2.bmp","width":640,"height":480,"caption":"capetchade de l'\u00e9tang de Thau"},{"@type":"BreadcrumbList","@id":"https:\/\/anguilleresponsable.com\/index.php\/de\/kustengebiete-und-mittelmeerlagunen\/#breadcrumb","itemListElement":[{"@type":"ListItem","position":1,"name":"Accueil","item":"https:\/\/anguilleresponsable.com\/"},{"@type":"ListItem","position":2,"name":"K\u00fcstengebiete und Mittelmeerlagunen"}]},{"@type":"WebSite","@id":"https:\/\/anguilleresponsable.com\/#website","url":"https:\/\/anguilleresponsable.com\/","name":"Anguille Responsable","description":"Association Fran\u00e7aise pour la Promotion de la Marque Anguille Responsable","publisher":{"@id":"https:\/\/anguilleresponsable.com\/#organization"},"alternateName":"AFPMAR","potentialAction":[{"@type":"SearchAction","target":{"@type":"EntryPoint","urlTemplate":"https:\/\/anguilleresponsable.com\/?s={search_term_string}"},"query-input":{"@type":"PropertyValueSpecification","valueRequired":true,"valueName":"search_term_string"}}],"inLanguage":"fr-FR"},{"@type":"Organization","@id":"https:\/\/anguilleresponsable.com\/#organization","name":"Anguille responsable","alternateName":"AFPMAR","url":"https:\/\/anguilleresponsable.com\/","logo":{"@type":"ImageObject","inLanguage":"fr-FR","@id":"https:\/\/anguilleresponsable.com\/#\/schema\/logo\/image\/","url":"https:\/\/anguilleresponsable.com\/wp-content\/uploads\/2024\/06\/marqueAFPMAR.jpg","contentUrl":"https:\/\/anguilleresponsable.com\/wp-content\/uploads\/2024\/06\/marqueAFPMAR.jpg","width":1563,"height":1563,"caption":"Anguille responsable"},"image":{"@id":"https:\/\/anguilleresponsable.com\/#\/schema\/logo\/image\/"}}]}},"_links":{"self":[{"href":"https:\/\/anguilleresponsable.com\/index.php\/wp-json\/wp\/v2\/pages\/4354","targetHints":{"allow":["GET"]}}],"collection":[{"href":"https:\/\/anguilleresponsable.com\/index.php\/wp-json\/wp\/v2\/pages"}],"about":[{"href":"https:\/\/anguilleresponsable.com\/index.php\/wp-json\/wp\/v2\/types\/page"}],"author":[{"embeddable":true,"href":"https:\/\/anguilleresponsable.com\/index.php\/wp-json\/wp\/v2\/users\/2"}],"replies":[{"embeddable":true,"href":"https:\/\/anguilleresponsable.com\/index.php\/wp-json\/wp\/v2\/comments?post=4354"}],"version-history":[{"count":16,"href":"https:\/\/anguilleresponsable.com\/index.php\/wp-json\/wp\/v2\/pages\/4354\/revisions"}],"predecessor-version":[{"id":4781,"href":"https:\/\/anguilleresponsable.com\/index.php\/wp-json\/wp\/v2\/pages\/4354\/revisions\/4781"}],"wp:attachment":[{"href":"https:\/\/anguilleresponsable.com\/index.php\/wp-json\/wp\/v2\/media?parent=4354"}],"curies":[{"name":"wp","href":"https:\/\/api.w.org\/{rel}","templated":true}]}}