{"id":3021,"date":"2022-10-30T15:23:41","date_gmt":"2022-10-30T14:23:41","guid":{"rendered":"https:\/\/anguilleresponsable.com\/?page_id=3021"},"modified":"2022-12-04T09:32:55","modified_gmt":"2022-12-04T08:32:55","slug":"charte-de-bonnes-pratiques-pour-la-civelle","status":"publish","type":"page","link":"https:\/\/anguilleresponsable.com\/index.php\/charte-de-bonnes-pratiques-pour-la-civelle\/","title":{"rendered":"Charte de bonnes pratiques pour la civelle"},"content":{"rendered":"\t\t<div data-elementor-type=\"wp-page\" data-elementor-id=\"3021\" class=\"elementor elementor-3021\">\n\t\t\t\t\t\t<section class=\"elementor-section elementor-top-section elementor-element elementor-element-cba08c4 elementor-section-boxed elementor-section-height-default elementor-section-height-default\" data-id=\"cba08c4\" data-element_type=\"section\" data-e-type=\"section\">\n\t\t\t\t\t\t<div class=\"elementor-container elementor-column-gap-default\">\n\t\t\t\t\t<div class=\"elementor-column elementor-col-100 elementor-top-column elementor-element elementor-element-6e30e27\" data-id=\"6e30e27\" data-element_type=\"column\" data-e-type=\"column\">\n\t\t\t<div class=\"elementor-widget-wrap elementor-element-populated\">\n\t\t\t\t\t\t<div class=\"elementor-element elementor-element-fb893d0 elementor-widget elementor-widget-text-editor\" data-id=\"fb893d0\" data-element_type=\"widget\" data-e-type=\"widget\" data-widget_type=\"text-editor.default\">\n\t\t\t\t<div class=\"elementor-widget-container\">\n\t\t\t\t\t\t\t\t\t<p>Cette charte a \u00e9t\u00e9 bas\u00e9e sur l&rsquo;exp\u00e9rience de la fili\u00e8re anguille prenant en compte non seulement l&rsquo;exp\u00e9rience des p\u00eacheurs : temps de p\u00eache, maillage du tamis, vitesse de pouss\u00e9e et moyens de stockage \u00e0 bord ainsi que celle des mareyeurs qui peuvent valider ou non les pratiques de p\u00eache et de conservation \u00e0 bord par l&rsquo;observation de la qualit\u00e9 des civelles dans leurs viviers de stockage et de la mortalit\u00e9 apr\u00e8s transport chez l&rsquo;utilisateur final. Si le tamis \u00e0 main est l&rsquo;engin qui permet d&rsquo;obtenir les meilleurs r\u00e9sultats en termes de qualit\u00e9 des civelles, le tamis ancr\u00e9 est \u00e9galement une technique de capture qui produit une civelle dont la mortalit\u00e9 est faible apr\u00e8s la p\u00eache. Le tamis pouss\u00e9 ou le pibalour peuvent \u00e9galement produire une civelle de qualit\u00e9 sous condition que la vitesse et le temps de pouss\u00e9e de l&rsquo;engin de p\u00eache, son maillage respectent les indications fournies par la charte de bonnes pratiques. La validation de la qualit\u00e9 des civelles est faite ici par le mareyeur accr\u00e9dit\u00e9 par la marque et qui est le responsable direct de la qualit\u00e9 des civelles fournies vis \u00e0 vis de l&rsquo;acheteur final.<\/p><p>L&rsquo;ensemble des adh\u00e9rents de la marque s&rsquo;engage bien \u00e9videmment \u00e0 respecter cette charte, mais \u00e9galement \u00e0 fournir les informations sur les captures effectu\u00e9es (cibl\u00e9es et non cibl\u00e9es) et \u00e0 collaborer avec les scientifiques impliqu\u00e9s dans la gestion de cette ressource.<\/p>\t\t\t\t\t\t\t\t<\/div>\n\t\t\t\t<\/div>\n\t\t\t\t\t<\/div>\n\t\t<\/div>\n\t\t\t\t\t<\/div>\n\t\t<\/section>\n\t\t\t\t<section class=\"elementor-section elementor-top-section elementor-element elementor-element-68c506d elementor-section-boxed elementor-section-height-default elementor-section-height-default\" data-id=\"68c506d\" data-element_type=\"section\" data-e-type=\"section\">\n\t\t\t\t\t\t<div class=\"elementor-container elementor-column-gap-default\">\n\t\t\t\t\t<div class=\"elementor-column elementor-col-100 elementor-top-column elementor-element elementor-element-4289b88\" data-id=\"4289b88\" data-element_type=\"column\" data-e-type=\"column\">\n\t\t\t<div class=\"elementor-widget-wrap elementor-element-populated\">\n\t\t\t\t\t\t<div class=\"elementor-element elementor-element-00cf2fd elementor-widget elementor-widget-text-editor\" data-id=\"00cf2fd\" data-element_type=\"widget\" data-e-type=\"widget\" data-widget_type=\"text-editor.default\">\n\t\t\t\t<div class=\"elementor-widget-container\">\n\t\t\t\t\t\t\t\t\t<p><a href=\"https:\/\/anguilleresponsable.com\/wp-content\/uploads\/2022\/10\/Charte-de-Bonnes-Pratiques-relative-a-la-peche-de-la-civelle.pdf\" target=\"_blank\" rel=\"noopener\">https:\/\/anguilleresponsable.com\/wp-content\/uploads\/2022\/10\/Charte-de-Bonnes-Pratiques-relative-a-la-peche-de-la-civelle.pdf<\/a><\/p>\t\t\t\t\t\t\t\t<\/div>\n\t\t\t\t<\/div>\n\t\t\t\t\t<\/div>\n\t\t<\/div>\n\t\t\t\t\t<\/div>\n\t\t<\/section>\n\t\t\t\t<\/div>\n\t\t","protected":false},"excerpt":{"rendered":"Cette charte a \u00e9t\u00e9 bas\u00e9e sur l&rsquo;exp\u00e9rience de la fili\u00e8re anguille prenant en compte non seulement l&rsquo;exp\u00e9rience des p\u00eacheurs : temps de p\u00eache, maillage du tamis, vitesse de pouss\u00e9e et moyens de stockage \u00e0 bord ainsi que celle des mareyeurs qui peuvent valider ou non les pratiques de p\u00eache et de conservation \u00e0 bord par ","protected":false},"author":2,"featured_media":0,"parent":0,"menu_order":0,"comment_status":"closed","ping_status":"closed","template":"","meta":{"footnotes":""},"class_list":["post-3021","page","type-page","status-publish","hentry"],"yoast_head":"<!-- This site is optimized with the Yoast SEO plugin v27.2 - https:\/\/yoast.com\/product\/yoast-seo-wordpress\/ -->\n<title>Charte de bonnes pratiques pour la civelle - Anguille Responsable<\/title>\n<meta name=\"robots\" content=\"index, follow, max-snippet:-1, max-image-preview:large, max-video-preview:-1\" \/>\n<link rel=\"canonical\" href=\"https:\/\/anguilleresponsable.com\/index.php\/charte-de-bonnes-pratiques-pour-la-civelle\/\" \/>\n<meta property=\"og:locale\" content=\"fr_FR\" \/>\n<meta property=\"og:type\" content=\"article\" \/>\n<meta property=\"og:title\" content=\"Charte de bonnes pratiques pour la civelle - Anguille Responsable\" \/>\n<meta property=\"og:description\" content=\"Cette charte a \u00e9t\u00e9 bas\u00e9e sur l&rsquo;exp\u00e9rience de la fili\u00e8re anguille prenant en compte non seulement l&rsquo;exp\u00e9rience des p\u00eacheurs : temps de p\u00eache, maillage du tamis, vitesse de pouss\u00e9e et moyens de stockage \u00e0 bord ainsi que celle des mareyeurs qui peuvent valider ou non les pratiques de p\u00eache et de conservation \u00e0 bord par\" \/>\n<meta property=\"og:url\" content=\"https:\/\/anguilleresponsable.com\/index.php\/charte-de-bonnes-pratiques-pour-la-civelle\/\" \/>\n<meta property=\"og:site_name\" content=\"Anguille Responsable\" \/>\n<meta property=\"article:modified_time\" content=\"2022-12-04T08:32:55+00:00\" \/>\n<meta property=\"og:image\" content=\"https:\/\/anguilleresponsable.com\/wp-content\/uploads\/2024\/06\/marqueAFPMAR.jpg\" \/>\n\t<meta property=\"og:image:width\" content=\"1563\" \/>\n\t<meta property=\"og:image:height\" content=\"1563\" \/>\n\t<meta property=\"og:image:type\" content=\"image\/jpeg\" \/>\n<meta name=\"twitter:card\" content=\"summary_large_image\" \/>\n<meta name=\"twitter:label1\" content=\"Dur\u00e9e de lecture estim\u00e9e\" \/>\n\t<meta name=\"twitter:data1\" content=\"1 minute\" \/>\n<script type=\"application\/ld+json\" class=\"yoast-schema-graph\">{\"@context\":\"https:\/\/schema.org\",\"@graph\":[{\"@type\":\"WebPage\",\"@id\":\"https:\/\/anguilleresponsable.com\/index.php\/charte-de-bonnes-pratiques-pour-la-civelle\/\",\"url\":\"https:\/\/anguilleresponsable.com\/index.php\/charte-de-bonnes-pratiques-pour-la-civelle\/\",\"name\":\"Charte de bonnes pratiques pour la civelle - Anguille Responsable\",\"isPartOf\":{\"@id\":\"https:\/\/anguilleresponsable.com\/#website\"},\"datePublished\":\"2022-10-30T14:23:41+00:00\",\"dateModified\":\"2022-12-04T08:32:55+00:00\",\"breadcrumb\":{\"@id\":\"https:\/\/anguilleresponsable.com\/index.php\/charte-de-bonnes-pratiques-pour-la-civelle\/#breadcrumb\"},\"inLanguage\":\"fr-FR\",\"potentialAction\":[{\"@type\":\"ReadAction\",\"target\":[\"https:\/\/anguilleresponsable.com\/index.php\/charte-de-bonnes-pratiques-pour-la-civelle\/\"]}]},{\"@type\":\"BreadcrumbList\",\"@id\":\"https:\/\/anguilleresponsable.com\/index.php\/charte-de-bonnes-pratiques-pour-la-civelle\/#breadcrumb\",\"itemListElement\":[{\"@type\":\"ListItem\",\"position\":1,\"name\":\"Accueil\",\"item\":\"https:\/\/anguilleresponsable.com\/\"},{\"@type\":\"ListItem\",\"position\":2,\"name\":\"Charte de bonnes pratiques pour la civelle\"}]},{\"@type\":\"WebSite\",\"@id\":\"https:\/\/anguilleresponsable.com\/#website\",\"url\":\"https:\/\/anguilleresponsable.com\/\",\"name\":\"Anguille Responsable\",\"description\":\"Association Fran\u00e7aise pour la Promotion de la Marque Anguille Responsable\",\"publisher\":{\"@id\":\"https:\/\/anguilleresponsable.com\/#organization\"},\"alternateName\":\"AFPMAR\",\"potentialAction\":[{\"@type\":\"SearchAction\",\"target\":{\"@type\":\"EntryPoint\",\"urlTemplate\":\"https:\/\/anguilleresponsable.com\/?s={search_term_string}\"},\"query-input\":{\"@type\":\"PropertyValueSpecification\",\"valueRequired\":true,\"valueName\":\"search_term_string\"}}],\"inLanguage\":\"fr-FR\"},{\"@type\":\"Organization\",\"@id\":\"https:\/\/anguilleresponsable.com\/#organization\",\"name\":\"Anguille responsable\",\"alternateName\":\"AFPMAR\",\"url\":\"https:\/\/anguilleresponsable.com\/\",\"logo\":{\"@type\":\"ImageObject\",\"inLanguage\":\"fr-FR\",\"@id\":\"https:\/\/anguilleresponsable.com\/#\/schema\/logo\/image\/\",\"url\":\"https:\/\/anguilleresponsable.com\/wp-content\/uploads\/2024\/06\/marqueAFPMAR.jpg\",\"contentUrl\":\"https:\/\/anguilleresponsable.com\/wp-content\/uploads\/2024\/06\/marqueAFPMAR.jpg\",\"width\":1563,\"height\":1563,\"caption\":\"Anguille responsable\"},\"image\":{\"@id\":\"https:\/\/anguilleresponsable.com\/#\/schema\/logo\/image\/\"}}]}<\/script>\n<!-- \/ Yoast SEO plugin. -->","yoast_head_json":{"title":"Charte de bonnes pratiques pour la civelle - Anguille Responsable","robots":{"index":"index","follow":"follow","max-snippet":"max-snippet:-1","max-image-preview":"max-image-preview:large","max-video-preview":"max-video-preview:-1"},"canonical":"https:\/\/anguilleresponsable.com\/index.php\/charte-de-bonnes-pratiques-pour-la-civelle\/","og_locale":"fr_FR","og_type":"article","og_title":"Charte de bonnes pratiques pour la civelle - Anguille Responsable","og_description":"Cette charte a \u00e9t\u00e9 bas\u00e9e sur l&rsquo;exp\u00e9rience de la fili\u00e8re anguille prenant en compte non seulement l&rsquo;exp\u00e9rience des p\u00eacheurs : temps de p\u00eache, maillage du tamis, vitesse de pouss\u00e9e et moyens de stockage \u00e0 bord ainsi que celle des mareyeurs qui peuvent valider ou non les pratiques de p\u00eache et de conservation \u00e0 bord par","og_url":"https:\/\/anguilleresponsable.com\/index.php\/charte-de-bonnes-pratiques-pour-la-civelle\/","og_site_name":"Anguille Responsable","article_modified_time":"2022-12-04T08:32:55+00:00","og_image":[{"width":1563,"height":1563,"url":"https:\/\/anguilleresponsable.com\/wp-content\/uploads\/2024\/06\/marqueAFPMAR.jpg","type":"image\/jpeg"}],"twitter_card":"summary_large_image","twitter_misc":{"Dur\u00e9e de lecture estim\u00e9e":"1 minute"},"schema":{"@context":"https:\/\/schema.org","@graph":[{"@type":"WebPage","@id":"https:\/\/anguilleresponsable.com\/index.php\/charte-de-bonnes-pratiques-pour-la-civelle\/","url":"https:\/\/anguilleresponsable.com\/index.php\/charte-de-bonnes-pratiques-pour-la-civelle\/","name":"Charte de bonnes pratiques pour la civelle - Anguille Responsable","isPartOf":{"@id":"https:\/\/anguilleresponsable.com\/#website"},"datePublished":"2022-10-30T14:23:41+00:00","dateModified":"2022-12-04T08:32:55+00:00","breadcrumb":{"@id":"https:\/\/anguilleresponsable.com\/index.php\/charte-de-bonnes-pratiques-pour-la-civelle\/#breadcrumb"},"inLanguage":"fr-FR","potentialAction":[{"@type":"ReadAction","target":["https:\/\/anguilleresponsable.com\/index.php\/charte-de-bonnes-pratiques-pour-la-civelle\/"]}]},{"@type":"BreadcrumbList","@id":"https:\/\/anguilleresponsable.com\/index.php\/charte-de-bonnes-pratiques-pour-la-civelle\/#breadcrumb","itemListElement":[{"@type":"ListItem","position":1,"name":"Accueil","item":"https:\/\/anguilleresponsable.com\/"},{"@type":"ListItem","position":2,"name":"Charte de bonnes pratiques pour la civelle"}]},{"@type":"WebSite","@id":"https:\/\/anguilleresponsable.com\/#website","url":"https:\/\/anguilleresponsable.com\/","name":"Anguille Responsable","description":"Association Fran\u00e7aise pour la Promotion de la Marque Anguille Responsable","publisher":{"@id":"https:\/\/anguilleresponsable.com\/#organization"},"alternateName":"AFPMAR","potentialAction":[{"@type":"SearchAction","target":{"@type":"EntryPoint","urlTemplate":"https:\/\/anguilleresponsable.com\/?s={search_term_string}"},"query-input":{"@type":"PropertyValueSpecification","valueRequired":true,"valueName":"search_term_string"}}],"inLanguage":"fr-FR"},{"@type":"Organization","@id":"https:\/\/anguilleresponsable.com\/#organization","name":"Anguille responsable","alternateName":"AFPMAR","url":"https:\/\/anguilleresponsable.com\/","logo":{"@type":"ImageObject","inLanguage":"fr-FR","@id":"https:\/\/anguilleresponsable.com\/#\/schema\/logo\/image\/","url":"https:\/\/anguilleresponsable.com\/wp-content\/uploads\/2024\/06\/marqueAFPMAR.jpg","contentUrl":"https:\/\/anguilleresponsable.com\/wp-content\/uploads\/2024\/06\/marqueAFPMAR.jpg","width":1563,"height":1563,"caption":"Anguille responsable"},"image":{"@id":"https:\/\/anguilleresponsable.com\/#\/schema\/logo\/image\/"}}]}},"_links":{"self":[{"href":"https:\/\/anguilleresponsable.com\/index.php\/wp-json\/wp\/v2\/pages\/3021","targetHints":{"allow":["GET"]}}],"collection":[{"href":"https:\/\/anguilleresponsable.com\/index.php\/wp-json\/wp\/v2\/pages"}],"about":[{"href":"https:\/\/anguilleresponsable.com\/index.php\/wp-json\/wp\/v2\/types\/page"}],"author":[{"embeddable":true,"href":"https:\/\/anguilleresponsable.com\/index.php\/wp-json\/wp\/v2\/users\/2"}],"replies":[{"embeddable":true,"href":"https:\/\/anguilleresponsable.com\/index.php\/wp-json\/wp\/v2\/comments?post=3021"}],"version-history":[{"count":25,"href":"https:\/\/anguilleresponsable.com\/index.php\/wp-json\/wp\/v2\/pages\/3021\/revisions"}],"predecessor-version":[{"id":4850,"href":"https:\/\/anguilleresponsable.com\/index.php\/wp-json\/wp\/v2\/pages\/3021\/revisions\/4850"}],"wp:attachment":[{"href":"https:\/\/anguilleresponsable.com\/index.php\/wp-json\/wp\/v2\/media?parent=3021"}],"curies":[{"name":"wp","href":"https:\/\/api.w.org\/{rel}","templated":true}]}}