{"id":2000,"date":"2022-10-17T15:26:10","date_gmt":"2022-10-17T13:26:10","guid":{"rendered":"https:\/\/anguilleresponsable.com\/?page_id=2000"},"modified":"2024-09-11T11:20:54","modified_gmt":"2024-09-11T09:20:54","slug":"bassins-cotiers-et-lagunes-mediterraneennes","status":"publish","type":"page","link":"https:\/\/anguilleresponsable.com\/index.php\/bassins-cotiers-et-lagunes-mediterraneennes\/","title":{"rendered":"Bassins c\u00f4tiers et Lagunes m\u00e9diterran\u00e9ennes"},"content":{"rendered":"\t\t<div data-elementor-type=\"wp-page\" data-elementor-id=\"2000\" class=\"elementor elementor-2000\">\n\t\t\t\t\t\t<section class=\"elementor-section elementor-top-section elementor-element elementor-element-858a4d3 elementor-section-boxed elementor-section-height-default elementor-section-height-default\" data-id=\"858a4d3\" data-element_type=\"section\" data-e-type=\"section\">\n\t\t\t\t\t\t<div class=\"elementor-container elementor-column-gap-default\">\n\t\t\t\t\t<div class=\"elementor-column elementor-col-100 elementor-top-column elementor-element elementor-element-1274e46\" data-id=\"1274e46\" data-element_type=\"column\" data-e-type=\"column\">\n\t\t\t<div class=\"elementor-widget-wrap elementor-element-populated\">\n\t\t\t\t\t\t<div class=\"elementor-element elementor-element-97ed900 elementor-widget elementor-widget-text-editor\" data-id=\"97ed900\" data-element_type=\"widget\" data-e-type=\"widget\" data-widget_type=\"text-editor.default\">\n\t\t\t\t<div class=\"elementor-widget-container\">\n\t\t\t\t\t\t\t\t\t<p>La p\u00eache de l&rsquo;anguille en M\u00e9diterran\u00e9e se fait principalement dans des \u00e9cosyst\u00e8mes lagunaires caract\u00e9ris\u00e9s par une communication entre la mer et la lagune et qui est appel\u00e9e \u00ab\u00a0grau\u00a0\u00bb en occitan (terme d\u00e9signant un estuaire ou un chenal). Ces lagunes ou \u00e9tangs c\u00f4tiers sont des endroits propices pour la p\u00e9n\u00e9tration des civelles et le grossissement des anguilles jusqu&rsquo;\u00e0 leurs p\u00e9riodes de migration. A peu pr\u00e8s 60 000 hectares de lagunes sont recens\u00e9s sur la c\u00f4te m\u00e9diterran\u00e9enne fran\u00e7aise (y compris la Corse) et sont exploit\u00e9e par des communaut\u00e9s de p\u00eacheurs qui p\u00eachent diverses esp\u00e8ces de poissons dont l&rsquo;anguille, esp\u00e8ce fort appr\u00e9ci\u00e9e en M\u00e9diterran\u00e9e et dont une partie est export\u00e9e en Italie \u00e0 des fins de grossissement.\u00a0<\/p><p>On y p\u00eache au cordeau, au verveux ou bien encore \u00e0 la capetchade\u00a0 ou cap\u00e9chade, syst\u00e8me constitu\u00e9 d&rsquo;un filet droit appel\u00e9 paradi\u00e8re qui guide le poisson vers des verveux plac\u00e9s autour d&rsquo;une chambre de captures appel\u00e9e le tour.\u00a0<\/p>\t\t\t\t\t\t\t\t<\/div>\n\t\t\t\t<\/div>\n\t\t\t\t<div class=\"elementor-element elementor-element-99c9775 elementor-widget elementor-widget-image\" data-id=\"99c9775\" data-element_type=\"widget\" data-e-type=\"widget\" data-widget_type=\"image.default\">\n\t\t\t\t<div class=\"elementor-widget-container\">\n\t\t\t\t\t\t\t\t\t\t\t\t<figure class=\"wp-caption\">\n\t\t\t\t\t\t\t\t\t\t<img fetchpriority=\"high\" decoding=\"async\" width=\"640\" height=\"480\" src=\"https:\/\/anguilleresponsable.com\/wp-content\/uploads\/2022\/10\/thau11-2.bmp\" class=\"attachment-large size-large wp-image-1775\" alt=\"\" srcset=\"https:\/\/anguilleresponsable.com\/wp-content\/uploads\/2022\/10\/thau11-2.bmp 640w, https:\/\/anguilleresponsable.com\/wp-content\/uploads\/2022\/10\/thau11-2-300x225.jpg 300w, https:\/\/anguilleresponsable.com\/wp-content\/uploads\/2022\/10\/thau11-2-360x270.jpg 360w\" sizes=\"(max-width: 640px) 100vw, 640px\" \/>\t\t\t\t\t\t\t\t\t\t\t<figcaption class=\"widget-image-caption wp-caption-text\">Relev\u00e9 d'une cap\u00e9chade sur une lagune m\u00e9diterran\u00e9enne<\/figcaption>\n\t\t\t\t\t\t\t\t\t\t<\/figure>\n\t\t\t\t\t\t\t\t\t<\/div>\n\t\t\t\t<\/div>\n\t\t\t\t<div class=\"elementor-element elementor-element-3fc4fdb elementor-widget elementor-widget-text-editor\" data-id=\"3fc4fdb\" data-element_type=\"widget\" data-e-type=\"widget\" data-widget_type=\"text-editor.default\">\n\t\t\t\t<div class=\"elementor-widget-container\">\n\t\t\t\t\t\t\t\t\t<p>Sur la fa\u00e7ade atlantique on trouve \u00e9galement ces bassins c\u00f4tiers et notamment sur la c\u00f4te de la Nouvelle-Aquitaine: le bassin d&rsquo;Arcachon dont l&rsquo;\u00e9tendue est comprise entre 4000 et 15500 ha suivant la mar\u00e9e. On y pratique la p\u00eache de l&rsquo;anguille au verveux.\u00a0<\/p>\t\t\t\t\t\t\t\t<\/div>\n\t\t\t\t<\/div>\n\t\t\t\t\t<\/div>\n\t\t<\/div>\n\t\t\t\t\t<\/div>\n\t\t<\/section>\n\t\t\t\t<section class=\"elementor-section elementor-top-section elementor-element elementor-element-4931d09 elementor-section-boxed elementor-section-height-default elementor-section-height-default\" data-id=\"4931d09\" data-element_type=\"section\" data-e-type=\"section\">\n\t\t\t\t\t\t<div class=\"elementor-container elementor-column-gap-default\">\n\t\t\t\t\t<div class=\"elementor-column elementor-col-100 elementor-top-column elementor-element elementor-element-d3e8b47\" data-id=\"d3e8b47\" data-element_type=\"column\" data-e-type=\"column\">\n\t\t\t<div class=\"elementor-widget-wrap elementor-element-populated\">\n\t\t\t\t\t\t<div class=\"elementor-element elementor-element-c727738 elementor-widget elementor-widget-image\" data-id=\"c727738\" data-element_type=\"widget\" data-e-type=\"widget\" data-widget_type=\"image.default\">\n\t\t\t\t<div class=\"elementor-widget-container\">\n\t\t\t\t\t\t\t\t\t\t\t\t<figure class=\"wp-caption\">\n\t\t\t\t\t\t\t\t\t\t<img decoding=\"async\" width=\"1024\" height=\"683\" src=\"https:\/\/anguilleresponsable.com\/wp-content\/uploads\/2022\/10\/IMG_0216-1024x683.jpeg\" class=\"attachment-large size-large wp-image-2855\" alt=\"\" srcset=\"https:\/\/anguilleresponsable.com\/wp-content\/uploads\/2022\/10\/IMG_0216-1024x683.jpeg 1024w, https:\/\/anguilleresponsable.com\/wp-content\/uploads\/2022\/10\/IMG_0216-300x200.jpeg 300w, https:\/\/anguilleresponsable.com\/wp-content\/uploads\/2022\/10\/IMG_0216-768x512.jpeg 768w, https:\/\/anguilleresponsable.com\/wp-content\/uploads\/2022\/10\/IMG_0216-1536x1024.jpeg 1536w, https:\/\/anguilleresponsable.com\/wp-content\/uploads\/2022\/10\/IMG_0216-2048x1365.jpeg 2048w, https:\/\/anguilleresponsable.com\/wp-content\/uploads\/2022\/10\/IMG_0216-378x252.jpeg 378w\" sizes=\"(max-width: 1024px) 100vw, 1024px\" \/>\t\t\t\t\t\t\t\t\t\t\t<figcaption class=\"widget-image-caption wp-caption-text\">Le bassin d'Arcachon et l'estuaire de la Leyre, zone de forte biodiversit\u00e9 et de p\u00eache. <\/figcaption>\n\t\t\t\t\t\t\t\t\t\t<\/figure>\n\t\t\t\t\t\t\t\t\t<\/div>\n\t\t\t\t<\/div>\n\t\t\t\t\t<\/div>\n\t\t<\/div>\n\t\t\t\t\t<\/div>\n\t\t<\/section>\n\t\t\t\t<\/div>\n\t\t","protected":false},"excerpt":{"rendered":"La p\u00eache de l&rsquo;anguille en M\u00e9diterran\u00e9e se fait principalement dans des \u00e9cosyst\u00e8mes lagunaires caract\u00e9ris\u00e9s par une communication entre la mer et la lagune et qui est appel\u00e9e \u00ab\u00a0grau\u00a0\u00bb en occitan (terme d\u00e9signant un estuaire ou un chenal). Ces lagunes ou \u00e9tangs c\u00f4tiers sont des endroits propices pour la p\u00e9n\u00e9tration des civelles et le grossissement des ","protected":false},"author":2,"featured_media":0,"parent":0,"menu_order":0,"comment_status":"closed","ping_status":"closed","template":"","meta":{"footnotes":""},"class_list":["post-2000","page","type-page","status-publish","hentry"],"yoast_head":"<!-- This site is optimized with the Yoast SEO plugin v27.2 - https:\/\/yoast.com\/product\/yoast-seo-wordpress\/ -->\n<title>Bassins c\u00f4tiers et Lagunes m\u00e9diterran\u00e9ennes - Anguille Responsable<\/title>\n<meta name=\"robots\" content=\"index, follow, max-snippet:-1, max-image-preview:large, max-video-preview:-1\" \/>\n<link rel=\"canonical\" href=\"https:\/\/anguilleresponsable.com\/index.php\/bassins-cotiers-et-lagunes-mediterraneennes\/\" \/>\n<meta property=\"og:locale\" content=\"fr_FR\" \/>\n<meta property=\"og:type\" content=\"article\" \/>\n<meta property=\"og:title\" content=\"Bassins c\u00f4tiers et Lagunes m\u00e9diterran\u00e9ennes - Anguille Responsable\" \/>\n<meta property=\"og:description\" content=\"La p\u00eache de l&rsquo;anguille en M\u00e9diterran\u00e9e se fait principalement dans des \u00e9cosyst\u00e8mes lagunaires caract\u00e9ris\u00e9s par une communication entre la mer et la lagune et qui est appel\u00e9e \u00ab\u00a0grau\u00a0\u00bb en occitan (terme d\u00e9signant un estuaire ou un chenal). Ces lagunes ou \u00e9tangs c\u00f4tiers sont des endroits propices pour la p\u00e9n\u00e9tration des civelles et le grossissement des\" \/>\n<meta property=\"og:url\" content=\"https:\/\/anguilleresponsable.com\/index.php\/bassins-cotiers-et-lagunes-mediterraneennes\/\" \/>\n<meta property=\"og:site_name\" content=\"Anguille Responsable\" \/>\n<meta property=\"article:modified_time\" content=\"2024-09-11T09:20:54+00:00\" \/>\n<meta property=\"og:image\" content=\"https:\/\/anguilleresponsable.com\/wp-content\/uploads\/2022\/10\/thau11-2.bmp\" \/>\n<meta name=\"twitter:card\" content=\"summary_large_image\" \/>\n<meta name=\"twitter:label1\" content=\"Dur\u00e9e de lecture estim\u00e9e\" \/>\n\t<meta name=\"twitter:data1\" content=\"2 minutes\" \/>\n<script type=\"application\/ld+json\" class=\"yoast-schema-graph\">{\"@context\":\"https:\/\/schema.org\",\"@graph\":[{\"@type\":\"WebPage\",\"@id\":\"https:\/\/anguilleresponsable.com\/index.php\/bassins-cotiers-et-lagunes-mediterraneennes\/\",\"url\":\"https:\/\/anguilleresponsable.com\/index.php\/bassins-cotiers-et-lagunes-mediterraneennes\/\",\"name\":\"Bassins c\u00f4tiers et Lagunes m\u00e9diterran\u00e9ennes - Anguille Responsable\",\"isPartOf\":{\"@id\":\"https:\/\/anguilleresponsable.com\/#website\"},\"primaryImageOfPage\":{\"@id\":\"https:\/\/anguilleresponsable.com\/index.php\/bassins-cotiers-et-lagunes-mediterraneennes\/#primaryimage\"},\"image\":{\"@id\":\"https:\/\/anguilleresponsable.com\/index.php\/bassins-cotiers-et-lagunes-mediterraneennes\/#primaryimage\"},\"thumbnailUrl\":\"https:\/\/anguilleresponsable.com\/wp-content\/uploads\/2022\/10\/thau11-2.bmp\",\"datePublished\":\"2022-10-17T13:26:10+00:00\",\"dateModified\":\"2024-09-11T09:20:54+00:00\",\"breadcrumb\":{\"@id\":\"https:\/\/anguilleresponsable.com\/index.php\/bassins-cotiers-et-lagunes-mediterraneennes\/#breadcrumb\"},\"inLanguage\":\"fr-FR\",\"potentialAction\":[{\"@type\":\"ReadAction\",\"target\":[\"https:\/\/anguilleresponsable.com\/index.php\/bassins-cotiers-et-lagunes-mediterraneennes\/\"]}]},{\"@type\":\"ImageObject\",\"inLanguage\":\"fr-FR\",\"@id\":\"https:\/\/anguilleresponsable.com\/index.php\/bassins-cotiers-et-lagunes-mediterraneennes\/#primaryimage\",\"url\":\"https:\/\/anguilleresponsable.com\/wp-content\/uploads\/2022\/10\/thau11-2.bmp\",\"contentUrl\":\"https:\/\/anguilleresponsable.com\/wp-content\/uploads\/2022\/10\/thau11-2.bmp\",\"width\":640,\"height\":480,\"caption\":\"capetchade de l'\u00e9tang de Thau\"},{\"@type\":\"BreadcrumbList\",\"@id\":\"https:\/\/anguilleresponsable.com\/index.php\/bassins-cotiers-et-lagunes-mediterraneennes\/#breadcrumb\",\"itemListElement\":[{\"@type\":\"ListItem\",\"position\":1,\"name\":\"Accueil\",\"item\":\"https:\/\/anguilleresponsable.com\/\"},{\"@type\":\"ListItem\",\"position\":2,\"name\":\"Bassins c\u00f4tiers et Lagunes m\u00e9diterran\u00e9ennes\"}]},{\"@type\":\"WebSite\",\"@id\":\"https:\/\/anguilleresponsable.com\/#website\",\"url\":\"https:\/\/anguilleresponsable.com\/\",\"name\":\"Anguille Responsable\",\"description\":\"Association Fran\u00e7aise pour la Promotion de la Marque Anguille Responsable\",\"publisher\":{\"@id\":\"https:\/\/anguilleresponsable.com\/#organization\"},\"alternateName\":\"AFPMAR\",\"potentialAction\":[{\"@type\":\"SearchAction\",\"target\":{\"@type\":\"EntryPoint\",\"urlTemplate\":\"https:\/\/anguilleresponsable.com\/?s={search_term_string}\"},\"query-input\":{\"@type\":\"PropertyValueSpecification\",\"valueRequired\":true,\"valueName\":\"search_term_string\"}}],\"inLanguage\":\"fr-FR\"},{\"@type\":\"Organization\",\"@id\":\"https:\/\/anguilleresponsable.com\/#organization\",\"name\":\"Anguille responsable\",\"alternateName\":\"AFPMAR\",\"url\":\"https:\/\/anguilleresponsable.com\/\",\"logo\":{\"@type\":\"ImageObject\",\"inLanguage\":\"fr-FR\",\"@id\":\"https:\/\/anguilleresponsable.com\/#\/schema\/logo\/image\/\",\"url\":\"https:\/\/anguilleresponsable.com\/wp-content\/uploads\/2024\/06\/marqueAFPMAR.jpg\",\"contentUrl\":\"https:\/\/anguilleresponsable.com\/wp-content\/uploads\/2024\/06\/marqueAFPMAR.jpg\",\"width\":1563,\"height\":1563,\"caption\":\"Anguille responsable\"},\"image\":{\"@id\":\"https:\/\/anguilleresponsable.com\/#\/schema\/logo\/image\/\"}}]}<\/script>\n<!-- \/ Yoast SEO plugin. -->","yoast_head_json":{"title":"Bassins c\u00f4tiers et Lagunes m\u00e9diterran\u00e9ennes - Anguille Responsable","robots":{"index":"index","follow":"follow","max-snippet":"max-snippet:-1","max-image-preview":"max-image-preview:large","max-video-preview":"max-video-preview:-1"},"canonical":"https:\/\/anguilleresponsable.com\/index.php\/bassins-cotiers-et-lagunes-mediterraneennes\/","og_locale":"fr_FR","og_type":"article","og_title":"Bassins c\u00f4tiers et Lagunes m\u00e9diterran\u00e9ennes - Anguille Responsable","og_description":"La p\u00eache de l&rsquo;anguille en M\u00e9diterran\u00e9e se fait principalement dans des \u00e9cosyst\u00e8mes lagunaires caract\u00e9ris\u00e9s par une communication entre la mer et la lagune et qui est appel\u00e9e \u00ab\u00a0grau\u00a0\u00bb en occitan (terme d\u00e9signant un estuaire ou un chenal). Ces lagunes ou \u00e9tangs c\u00f4tiers sont des endroits propices pour la p\u00e9n\u00e9tration des civelles et le grossissement des","og_url":"https:\/\/anguilleresponsable.com\/index.php\/bassins-cotiers-et-lagunes-mediterraneennes\/","og_site_name":"Anguille Responsable","article_modified_time":"2024-09-11T09:20:54+00:00","og_image":[{"url":"https:\/\/anguilleresponsable.com\/wp-content\/uploads\/2022\/10\/thau11-2.bmp","type":"","width":"","height":""}],"twitter_card":"summary_large_image","twitter_misc":{"Dur\u00e9e de lecture estim\u00e9e":"2 minutes"},"schema":{"@context":"https:\/\/schema.org","@graph":[{"@type":"WebPage","@id":"https:\/\/anguilleresponsable.com\/index.php\/bassins-cotiers-et-lagunes-mediterraneennes\/","url":"https:\/\/anguilleresponsable.com\/index.php\/bassins-cotiers-et-lagunes-mediterraneennes\/","name":"Bassins c\u00f4tiers et Lagunes m\u00e9diterran\u00e9ennes - Anguille Responsable","isPartOf":{"@id":"https:\/\/anguilleresponsable.com\/#website"},"primaryImageOfPage":{"@id":"https:\/\/anguilleresponsable.com\/index.php\/bassins-cotiers-et-lagunes-mediterraneennes\/#primaryimage"},"image":{"@id":"https:\/\/anguilleresponsable.com\/index.php\/bassins-cotiers-et-lagunes-mediterraneennes\/#primaryimage"},"thumbnailUrl":"https:\/\/anguilleresponsable.com\/wp-content\/uploads\/2022\/10\/thau11-2.bmp","datePublished":"2022-10-17T13:26:10+00:00","dateModified":"2024-09-11T09:20:54+00:00","breadcrumb":{"@id":"https:\/\/anguilleresponsable.com\/index.php\/bassins-cotiers-et-lagunes-mediterraneennes\/#breadcrumb"},"inLanguage":"fr-FR","potentialAction":[{"@type":"ReadAction","target":["https:\/\/anguilleresponsable.com\/index.php\/bassins-cotiers-et-lagunes-mediterraneennes\/"]}]},{"@type":"ImageObject","inLanguage":"fr-FR","@id":"https:\/\/anguilleresponsable.com\/index.php\/bassins-cotiers-et-lagunes-mediterraneennes\/#primaryimage","url":"https:\/\/anguilleresponsable.com\/wp-content\/uploads\/2022\/10\/thau11-2.bmp","contentUrl":"https:\/\/anguilleresponsable.com\/wp-content\/uploads\/2022\/10\/thau11-2.bmp","width":640,"height":480,"caption":"capetchade de l'\u00e9tang de Thau"},{"@type":"BreadcrumbList","@id":"https:\/\/anguilleresponsable.com\/index.php\/bassins-cotiers-et-lagunes-mediterraneennes\/#breadcrumb","itemListElement":[{"@type":"ListItem","position":1,"name":"Accueil","item":"https:\/\/anguilleresponsable.com\/"},{"@type":"ListItem","position":2,"name":"Bassins c\u00f4tiers et Lagunes m\u00e9diterran\u00e9ennes"}]},{"@type":"WebSite","@id":"https:\/\/anguilleresponsable.com\/#website","url":"https:\/\/anguilleresponsable.com\/","name":"Anguille Responsable","description":"Association Fran\u00e7aise pour la Promotion de la Marque Anguille Responsable","publisher":{"@id":"https:\/\/anguilleresponsable.com\/#organization"},"alternateName":"AFPMAR","potentialAction":[{"@type":"SearchAction","target":{"@type":"EntryPoint","urlTemplate":"https:\/\/anguilleresponsable.com\/?s={search_term_string}"},"query-input":{"@type":"PropertyValueSpecification","valueRequired":true,"valueName":"search_term_string"}}],"inLanguage":"fr-FR"},{"@type":"Organization","@id":"https:\/\/anguilleresponsable.com\/#organization","name":"Anguille responsable","alternateName":"AFPMAR","url":"https:\/\/anguilleresponsable.com\/","logo":{"@type":"ImageObject","inLanguage":"fr-FR","@id":"https:\/\/anguilleresponsable.com\/#\/schema\/logo\/image\/","url":"https:\/\/anguilleresponsable.com\/wp-content\/uploads\/2024\/06\/marqueAFPMAR.jpg","contentUrl":"https:\/\/anguilleresponsable.com\/wp-content\/uploads\/2024\/06\/marqueAFPMAR.jpg","width":1563,"height":1563,"caption":"Anguille responsable"},"image":{"@id":"https:\/\/anguilleresponsable.com\/#\/schema\/logo\/image\/"}}]}},"_links":{"self":[{"href":"https:\/\/anguilleresponsable.com\/index.php\/wp-json\/wp\/v2\/pages\/2000","targetHints":{"allow":["GET"]}}],"collection":[{"href":"https:\/\/anguilleresponsable.com\/index.php\/wp-json\/wp\/v2\/pages"}],"about":[{"href":"https:\/\/anguilleresponsable.com\/index.php\/wp-json\/wp\/v2\/types\/page"}],"author":[{"embeddable":true,"href":"https:\/\/anguilleresponsable.com\/index.php\/wp-json\/wp\/v2\/users\/2"}],"replies":[{"embeddable":true,"href":"https:\/\/anguilleresponsable.com\/index.php\/wp-json\/wp\/v2\/comments?post=2000"}],"version-history":[{"count":16,"href":"https:\/\/anguilleresponsable.com\/index.php\/wp-json\/wp\/v2\/pages\/2000\/revisions"}],"predecessor-version":[{"id":4919,"href":"https:\/\/anguilleresponsable.com\/index.php\/wp-json\/wp\/v2\/pages\/2000\/revisions\/4919"}],"wp:attachment":[{"href":"https:\/\/anguilleresponsable.com\/index.php\/wp-json\/wp\/v2\/media?parent=2000"}],"curies":[{"name":"wp","href":"https:\/\/api.w.org\/{rel}","templated":true}]}}