{"id":1551,"date":"2022-10-02T15:27:33","date_gmt":"2022-10-02T13:27:33","guid":{"rendered":"https:\/\/anguilleresponsable.com\/?page_id=1551"},"modified":"2022-12-04T09:28:44","modified_gmt":"2022-12-04T08:28:44","slug":"anguille-jaune","status":"publish","type":"page","link":"https:\/\/anguilleresponsable.com\/index.php\/nos-engins-et-nos-pratiques\/anguille-jaune\/","title":{"rendered":"Anguille jaune"},"content":{"rendered":"\t\t<div data-elementor-type=\"wp-page\" data-elementor-id=\"1551\" class=\"elementor elementor-1551\">\n\t\t\t\t\t\t<section class=\"elementor-section elementor-top-section elementor-element elementor-element-80ce577 elementor-section-boxed elementor-section-height-default elementor-section-height-default\" data-id=\"80ce577\" data-element_type=\"section\" data-e-type=\"section\">\n\t\t\t\t\t\t<div class=\"elementor-container elementor-column-gap-default\">\n\t\t\t\t\t<div class=\"elementor-column elementor-col-100 elementor-top-column elementor-element elementor-element-d220420\" data-id=\"d220420\" data-element_type=\"column\" data-e-type=\"column\">\n\t\t\t<div class=\"elementor-widget-wrap elementor-element-populated\">\n\t\t\t\t\t\t<div class=\"elementor-element elementor-element-340498e elementor-widget elementor-widget-text-editor\" data-id=\"340498e\" data-element_type=\"widget\" data-e-type=\"widget\" data-widget_type=\"text-editor.default\">\n\t\t\t\t<div class=\"elementor-widget-container\">\n\t\t\t\t\t\t\t\t\t<p>Elle est p\u00each\u00e9e dans des \u00e9cosyst\u00e8mes tr\u00e8s vari\u00e9s: lacs, lagunes m\u00e9diterran\u00e9ennes, ruisseaux, marais, doux et sal\u00e9s, fleuves, estuaires, baies et bassins c\u00f4tiers. Cette esp\u00e8ce pr\u00e9sente une remarquable adaptation aux variations de salinit\u00e9 et les \u00e9tudes effectu\u00e9es sur ses otolithes (petites concr\u00e9tions calcaires situ\u00e9es dans l&rsquo;oreille interne du poisson) montrent que les individus peuvent apr\u00e8s avoir colonis\u00e9 les eaux douces, repartir vers des eaux saum\u00e2tres ou bien encore plus sal\u00e9es et revenir ensuite vers les eaux douces. Cette remarquable plasticit\u00e9 de son comportement de migration lui permet de coloniser de nombreux environnements d\u00e8s lors qu&rsquo;elle ne trouve plus dans un milieu donn\u00e9 les conditions optimales pour assurer sa croissance et sa survie. Cela n\u00e9cessite bien \u00e9videmment qu&rsquo;on lui assure une continuit\u00e9 \u00e9cologique entre les diff\u00e9rents habitats qu&rsquo;elle peut coloniser. Ceci n&rsquo;est pas souvent le cas, et elle rencontre depuis le milieu du si\u00e8cle dernier de plus en plus d&rsquo;obstacles herm\u00e9tiques et de grandes hauteurs. L&rsquo;entretien des zones humides n&rsquo;est plus souvent assur\u00e9 et ces terres ont souvent \u00e9t\u00e9 consid\u00e9r\u00e9es dans les parties estuariennes comme des zones \u00e0 conqu\u00e9rir et \u00e0 urbaniser, dans les parties moyennes des fleuves des zones \u00e0 drainer. Les fleuves et rivi\u00e8res sont de plus en plus endigu\u00e9s pour lutter contre la mont\u00e9e des eaux ce qui limite les liens entre le fleuve et les annexes hydrauliques qui sont des syst\u00e8mes aquatiques primordiaux pour la production d&rsquo;anguillettes.<\/p><p>Les p\u00eacheurs professionnels ont de tout temps exploit\u00e9 ces divers milieux\u00a0 et adapt\u00e9 leurs outils de capture aux \u00e9cosyst\u00e8mes explor\u00e9s. Ainsi dans les affluents de petites largeurs, la bosselle, le cordeau (ligne de fond\u00a0 pourvue d&rsquo;un nombre limit\u00e9 d&rsquo;hame\u00e7ons) sont utilis\u00e9s ; le verveux sera plac\u00e9 sur les bords de rivi\u00e8res ou de lacs, les fili\u00e8res de nasses seront ancr\u00e9es \u00e0 l&#8217;embouchure des fleuves;\u00a0 les capetchades (verveux plac\u00e9s derri\u00e8re un filet barrage) seront dispos\u00e9es dans les lagunes m\u00e9diterran\u00e9ennes. Tous ces engins\u00a0 \u00e9labor\u00e9s depuis des temps anciens capturent des anguilles de diff\u00e9rentes tailles alors qu&rsquo;elles sont en migration trophique ou bien lorsqu&rsquo;elles passent temporairement d&rsquo;un \u00e9cosyst\u00e8me \u00e0 un autre. Si l&rsquo;on excepte le cordeau, ces engins de p\u00eache relev\u00e9s r\u00e9guli\u00e8rement, bien que non s\u00e9lectifs,\u00a0 permettent de rel\u00e2cher les prises sous la taille r\u00e9glementaire ou non d\u00e9sir\u00e9es dans de bonnes conditions.<\/p>\t\t\t\t\t\t\t\t<\/div>\n\t\t\t\t<\/div>\n\t\t\t\t\t<\/div>\n\t\t<\/div>\n\t\t\t\t\t<\/div>\n\t\t<\/section>\n\t\t\t\t<section class=\"elementor-section elementor-top-section elementor-element elementor-element-02d6946 elementor-section-boxed elementor-section-height-default elementor-section-height-default\" data-id=\"02d6946\" data-element_type=\"section\" data-e-type=\"section\">\n\t\t\t\t\t\t<div class=\"elementor-container elementor-column-gap-default\">\n\t\t\t\t\t<div class=\"elementor-column elementor-col-100 elementor-top-column elementor-element elementor-element-7133142\" data-id=\"7133142\" data-element_type=\"column\" data-e-type=\"column\">\n\t\t\t<div class=\"elementor-widget-wrap elementor-element-populated\">\n\t\t\t\t\t\t<div class=\"elementor-element elementor-element-06e461f animated-fast elementor-invisible elementor-widget elementor-widget-image-gallery\" data-id=\"06e461f\" data-element_type=\"widget\" data-e-type=\"widget\" data-settings=\"{&quot;_animation&quot;:&quot;zoomIn&quot;}\" data-widget_type=\"image-gallery.default\">\n\t\t\t\t<div class=\"elementor-widget-container\">\n\t\t\t\t\t\t\t<div class=\"elementor-image-gallery\">\n\t\t\t<div id='gallery-1' class='gallery galleryid-1551 gallery-columns-5 gallery-size-thumbnail'><figure class='gallery-item'>\n\t\t\t<div class='gallery-icon landscape'>\n\t\t\t\t<a data-elementor-open-lightbox=\"yes\" data-elementor-lightbox-slideshow=\"06e461f\" data-elementor-lightbox-title=\"thau11\" data-e-action-hash=\"#elementor-action%3Aaction%3Dlightbox%26settings%3DeyJpZCI6MTc3NSwidXJsIjoiaHR0cHM6XC9cL2FuZ3VpbGxlcmVzcG9uc2FibGUuY29tXC93cC1jb250ZW50XC91cGxvYWRzXC8yMDIyXC8xMFwvdGhhdTExLTIuYm1wIiwic2xpZGVzaG93IjoiMDZlNDYxZiJ9\" href='https:\/\/anguilleresponsable.com\/wp-content\/uploads\/2022\/10\/thau11-2.bmp'><img decoding=\"async\" width=\"150\" height=\"150\" src=\"https:\/\/anguilleresponsable.com\/wp-content\/uploads\/2022\/10\/thau11-2-150x150.jpg\" class=\"attachment-thumbnail size-thumbnail\" alt=\"\" aria-describedby=\"gallery-1-1775\" \/><\/a>\n\t\t\t<\/div>\n\t\t\t\t<figcaption class='wp-caption-text gallery-caption' id='gallery-1-1775'>\n\t\t\t\tcapetchade de l&rsquo;\u00e9tang de Thau\n\t\t\t\t<\/figcaption><\/figure><figure class='gallery-item'>\n\t\t\t<div class='gallery-icon portrait'>\n\t\t\t\t<a data-elementor-open-lightbox=\"yes\" data-elementor-lightbox-slideshow=\"06e461f\" data-elementor-lightbox-title=\"img095\" data-e-action-hash=\"#elementor-action%3Aaction%3Dlightbox%26settings%3DeyJpZCI6MTc2MywidXJsIjoiaHR0cHM6XC9cL2FuZ3VpbGxlcmVzcG9uc2FibGUuY29tXC93cC1jb250ZW50XC91cGxvYWRzXC8yMDIyXC8xMFwvaW1nMDk1LmpwZyIsInNsaWRlc2hvdyI6IjA2ZTQ2MWYifQ%3D%3D\" href='https:\/\/anguilleresponsable.com\/wp-content\/uploads\/2022\/10\/img095.jpg'><img decoding=\"async\" width=\"150\" height=\"150\" src=\"https:\/\/anguilleresponsable.com\/wp-content\/uploads\/2022\/10\/img095-150x150.jpg\" class=\"attachment-thumbnail size-thumbnail\" alt=\"\" aria-describedby=\"gallery-1-1763\" \/><\/a>\n\t\t\t<\/div>\n\t\t\t\t<figcaption class='wp-caption-text gallery-caption' id='gallery-1-1763'>\n\t\t\t\tfabrication d&rsquo;une bosselle \u00e0 anguille\n\t\t\t\t<\/figcaption><\/figure><figure class='gallery-item'>\n\t\t\t<div class='gallery-icon landscape'>\n\t\t\t\t<a data-elementor-open-lightbox=\"yes\" data-elementor-lightbox-slideshow=\"06e461f\" data-elementor-lightbox-title=\"palavas3\" data-e-action-hash=\"#elementor-action%3Aaction%3Dlightbox%26settings%3DeyJpZCI6MTY3NCwidXJsIjoiaHR0cHM6XC9cL2FuZ3VpbGxlcmVzcG9uc2FibGUuY29tXC93cC1jb250ZW50XC91cGxvYWRzXC8yMDIyXC8xMFwvcGFsYXZhczMuYm1wIiwic2xpZGVzaG93IjoiMDZlNDYxZiJ9\" href='https:\/\/anguilleresponsable.com\/wp-content\/uploads\/2022\/10\/palavas3.bmp'><img decoding=\"async\" width=\"150\" height=\"150\" src=\"https:\/\/anguilleresponsable.com\/wp-content\/uploads\/2022\/10\/palavas3-150x150.jpg\" class=\"attachment-thumbnail size-thumbnail\" alt=\"\" aria-describedby=\"gallery-1-1674\" \/><\/a>\n\t\t\t<\/div>\n\t\t\t\t<figcaption class='wp-caption-text gallery-caption' id='gallery-1-1674'>\n\t\t\t\tverveux mis \u00e0 s\u00e9cher en M\u00e9diterran\u00e9e\n\t\t\t\t<\/figcaption><\/figure><figure class='gallery-item'>\n\t\t\t<div class='gallery-icon landscape'>\n\t\t\t\t<a data-elementor-open-lightbox=\"yes\" data-elementor-lightbox-slideshow=\"06e461f\" data-elementor-lightbox-title=\"releve\u0301nasse\" data-e-action-hash=\"#elementor-action%3Aaction%3Dlightbox%26settings%3DeyJpZCI6MTQ1OSwidXJsIjoiaHR0cHM6XC9cL2FuZ3VpbGxlcmVzcG9uc2FibGUuY29tXC93cC1jb250ZW50XC91cGxvYWRzXC8yMDIyXC8xMFwvcmVsZXZlXHUwMzAxbmFzc2UuanBnIiwic2xpZGVzaG93IjoiMDZlNDYxZiJ9\" href='https:\/\/anguilleresponsable.com\/wp-content\/uploads\/2022\/10\/releve\u0301nasse.jpg'><img loading=\"lazy\" decoding=\"async\" width=\"150\" height=\"150\" src=\"https:\/\/anguilleresponsable.com\/wp-content\/uploads\/2022\/10\/releve\u0301nasse-150x150.jpg\" class=\"attachment-thumbnail size-thumbnail\" alt=\"\" aria-describedby=\"gallery-1-1459\" \/><\/a>\n\t\t\t<\/div>\n\t\t\t\t<figcaption class='wp-caption-text gallery-caption' id='gallery-1-1459'>\n\t\t\t\tFili\u00e8re de nasses dans l&rsquo;Adour\n\t\t\t\t<\/figcaption><\/figure><figure class='gallery-item'>\n\t\t\t<div class='gallery-icon landscape'>\n\t\t\t\t<a data-elementor-open-lightbox=\"yes\" data-elementor-lightbox-slideshow=\"06e461f\" data-elementor-lightbox-title=\"DSC06771\" data-e-action-hash=\"#elementor-action%3Aaction%3Dlightbox%26settings%3DeyJpZCI6MjAyMCwidXJsIjoiaHR0cHM6XC9cL2FuZ3VpbGxlcmVzcG9uc2FibGUuY29tXC93cC1jb250ZW50XC91cGxvYWRzXC8yMDIyXC8xMFwvRFNDMDY3NzEtc2NhbGVkLWUxNjY2MTg3OTcyMjExLmpwZyIsInNsaWRlc2hvdyI6IjA2ZTQ2MWYifQ%3D%3D\" href='https:\/\/anguilleresponsable.com\/wp-content\/uploads\/2022\/10\/DSC06771-scaled-e1666187972211.jpg'><img loading=\"lazy\" decoding=\"async\" width=\"150\" height=\"150\" src=\"https:\/\/anguilleresponsable.com\/wp-content\/uploads\/2022\/10\/DSC06771-scaled-e1666187972211-150x150.jpg\" class=\"attachment-thumbnail size-thumbnail\" alt=\"\" aria-describedby=\"gallery-1-2020\" \/><\/a>\n\t\t\t<\/div>\n\t\t\t\t<figcaption class='wp-caption-text gallery-caption' id='gallery-1-2020'>\n\t\t\t\trelev\u00e9 d&rsquo;un verveux sur les bords de Loire\n\t\t\t\t<\/figcaption><\/figure>\n\t\t<\/div>\n\t\t<\/div>\n\t\t\t\t\t\t<\/div>\n\t\t\t\t<\/div>\n\t\t\t\t\t<\/div>\n\t\t<\/div>\n\t\t\t\t\t<\/div>\n\t\t<\/section>\n\t\t\t\t<section class=\"elementor-section elementor-top-section elementor-element elementor-element-8e31929 elementor-section-boxed elementor-section-height-default elementor-section-height-default\" data-id=\"8e31929\" data-element_type=\"section\" data-e-type=\"section\">\n\t\t\t\t\t\t<div class=\"elementor-container elementor-column-gap-default\">\n\t\t\t\t\t<div class=\"elementor-column elementor-col-100 elementor-top-column elementor-element elementor-element-f26edbe\" data-id=\"f26edbe\" data-element_type=\"column\" data-e-type=\"column\">\n\t\t\t<div class=\"elementor-widget-wrap elementor-element-populated\">\n\t\t\t\t\t\t<div class=\"elementor-element elementor-element-245e302 elementor-widget elementor-widget-text-editor\" data-id=\"245e302\" data-element_type=\"widget\" data-e-type=\"widget\" data-widget_type=\"text-editor.default\">\n\t\t\t\t<div class=\"elementor-widget-container\">\n\t\t\t\t\t\t\t\t\t<p style=\"text-align: center;\"><span style=\"color: #ff0000;\"><em>Cliquer sur la galerie pour obtenir l&rsquo;agrandissement des photos<\/em><\/span><\/p>\t\t\t\t\t\t\t\t<\/div>\n\t\t\t\t<\/div>\n\t\t\t\t\t<\/div>\n\t\t<\/div>\n\t\t\t\t\t<\/div>\n\t\t<\/section>\n\t\t\t\t<\/div>\n\t\t","protected":false},"excerpt":{"rendered":"Elle est p\u00each\u00e9e dans des \u00e9cosyst\u00e8mes tr\u00e8s vari\u00e9s: lacs, lagunes m\u00e9diterran\u00e9ennes, ruisseaux, marais, doux et sal\u00e9s, fleuves, estuaires, baies et bassins c\u00f4tiers. Cette esp\u00e8ce pr\u00e9sente une remarquable adaptation aux variations de salinit\u00e9 et les \u00e9tudes effectu\u00e9es sur ses otolithes (petites concr\u00e9tions calcaires situ\u00e9es dans l&rsquo;oreille interne du poisson) montrent que les individus peuvent apr\u00e8s avoir ","protected":false},"author":2,"featured_media":0,"parent":1533,"menu_order":0,"comment_status":"closed","ping_status":"closed","template":"","meta":{"footnotes":""},"class_list":["post-1551","page","type-page","status-publish","hentry"],"yoast_head":"<!-- This site is optimized with the Yoast SEO plugin v27.2 - https:\/\/yoast.com\/product\/yoast-seo-wordpress\/ -->\n<title>Anguille jaune - Anguille Responsable<\/title>\n<meta name=\"robots\" content=\"index, follow, max-snippet:-1, max-image-preview:large, max-video-preview:-1\" \/>\n<link rel=\"canonical\" href=\"https:\/\/anguilleresponsable.com\/index.php\/nos-engins-et-nos-pratiques\/anguille-jaune\/\" \/>\n<meta property=\"og:locale\" content=\"fr_FR\" \/>\n<meta property=\"og:type\" content=\"article\" \/>\n<meta property=\"og:title\" content=\"Anguille jaune - Anguille Responsable\" \/>\n<meta property=\"og:description\" content=\"Elle est p\u00each\u00e9e dans des \u00e9cosyst\u00e8mes tr\u00e8s vari\u00e9s: lacs, lagunes m\u00e9diterran\u00e9ennes, ruisseaux, marais, doux et sal\u00e9s, fleuves, estuaires, baies et bassins c\u00f4tiers. Cette esp\u00e8ce pr\u00e9sente une remarquable adaptation aux variations de salinit\u00e9 et les \u00e9tudes effectu\u00e9es sur ses otolithes (petites concr\u00e9tions calcaires situ\u00e9es dans l&rsquo;oreille interne du poisson) montrent que les individus peuvent apr\u00e8s avoir\" \/>\n<meta property=\"og:url\" content=\"https:\/\/anguilleresponsable.com\/index.php\/nos-engins-et-nos-pratiques\/anguille-jaune\/\" \/>\n<meta property=\"og:site_name\" content=\"Anguille Responsable\" \/>\n<meta property=\"article:modified_time\" content=\"2022-12-04T08:28:44+00:00\" \/>\n<meta property=\"og:image\" content=\"https:\/\/anguilleresponsable.com\/wp-content\/uploads\/2022\/10\/thau11-2-150x150.jpg\" \/>\n<meta name=\"twitter:card\" content=\"summary_large_image\" \/>\n<meta name=\"twitter:label1\" content=\"Dur\u00e9e de lecture estim\u00e9e\" \/>\n\t<meta name=\"twitter:data1\" content=\"2 minutes\" \/>\n<script type=\"application\/ld+json\" class=\"yoast-schema-graph\">{\"@context\":\"https:\/\/schema.org\",\"@graph\":[{\"@type\":\"WebPage\",\"@id\":\"https:\/\/anguilleresponsable.com\/index.php\/nos-engins-et-nos-pratiques\/anguille-jaune\/\",\"url\":\"https:\/\/anguilleresponsable.com\/index.php\/nos-engins-et-nos-pratiques\/anguille-jaune\/\",\"name\":\"Anguille jaune - Anguille Responsable\",\"isPartOf\":{\"@id\":\"https:\/\/anguilleresponsable.com\/#website\"},\"primaryImageOfPage\":{\"@id\":\"https:\/\/anguilleresponsable.com\/index.php\/nos-engins-et-nos-pratiques\/anguille-jaune\/#primaryimage\"},\"image\":{\"@id\":\"https:\/\/anguilleresponsable.com\/index.php\/nos-engins-et-nos-pratiques\/anguille-jaune\/#primaryimage\"},\"thumbnailUrl\":\"https:\/\/anguilleresponsable.com\/wp-content\/uploads\/2022\/10\/thau11-2-150x150.jpg\",\"datePublished\":\"2022-10-02T13:27:33+00:00\",\"dateModified\":\"2022-12-04T08:28:44+00:00\",\"breadcrumb\":{\"@id\":\"https:\/\/anguilleresponsable.com\/index.php\/nos-engins-et-nos-pratiques\/anguille-jaune\/#breadcrumb\"},\"inLanguage\":\"fr-FR\",\"potentialAction\":[{\"@type\":\"ReadAction\",\"target\":[\"https:\/\/anguilleresponsable.com\/index.php\/nos-engins-et-nos-pratiques\/anguille-jaune\/\"]}]},{\"@type\":\"ImageObject\",\"inLanguage\":\"fr-FR\",\"@id\":\"https:\/\/anguilleresponsable.com\/index.php\/nos-engins-et-nos-pratiques\/anguille-jaune\/#primaryimage\",\"url\":\"https:\/\/anguilleresponsable.com\/wp-content\/uploads\/2022\/10\/thau11-2-150x150.jpg\",\"contentUrl\":\"https:\/\/anguilleresponsable.com\/wp-content\/uploads\/2022\/10\/thau11-2-150x150.jpg\"},{\"@type\":\"BreadcrumbList\",\"@id\":\"https:\/\/anguilleresponsable.com\/index.php\/nos-engins-et-nos-pratiques\/anguille-jaune\/#breadcrumb\",\"itemListElement\":[{\"@type\":\"ListItem\",\"position\":1,\"name\":\"Accueil\",\"item\":\"https:\/\/anguilleresponsable.com\/\"},{\"@type\":\"ListItem\",\"position\":2,\"name\":\"Nos engins et nos pratiques\",\"item\":\"https:\/\/anguilleresponsable.com\/index.php\/nos-engins-et-nos-pratiques\/\"},{\"@type\":\"ListItem\",\"position\":3,\"name\":\"Anguille jaune\"}]},{\"@type\":\"WebSite\",\"@id\":\"https:\/\/anguilleresponsable.com\/#website\",\"url\":\"https:\/\/anguilleresponsable.com\/\",\"name\":\"Anguille Responsable\",\"description\":\"Association Fran\u00e7aise pour la Promotion de la Marque Anguille Responsable\",\"publisher\":{\"@id\":\"https:\/\/anguilleresponsable.com\/#organization\"},\"alternateName\":\"AFPMAR\",\"potentialAction\":[{\"@type\":\"SearchAction\",\"target\":{\"@type\":\"EntryPoint\",\"urlTemplate\":\"https:\/\/anguilleresponsable.com\/?s={search_term_string}\"},\"query-input\":{\"@type\":\"PropertyValueSpecification\",\"valueRequired\":true,\"valueName\":\"search_term_string\"}}],\"inLanguage\":\"fr-FR\"},{\"@type\":\"Organization\",\"@id\":\"https:\/\/anguilleresponsable.com\/#organization\",\"name\":\"Anguille responsable\",\"alternateName\":\"AFPMAR\",\"url\":\"https:\/\/anguilleresponsable.com\/\",\"logo\":{\"@type\":\"ImageObject\",\"inLanguage\":\"fr-FR\",\"@id\":\"https:\/\/anguilleresponsable.com\/#\/schema\/logo\/image\/\",\"url\":\"https:\/\/anguilleresponsable.com\/wp-content\/uploads\/2024\/06\/marqueAFPMAR.jpg\",\"contentUrl\":\"https:\/\/anguilleresponsable.com\/wp-content\/uploads\/2024\/06\/marqueAFPMAR.jpg\",\"width\":1563,\"height\":1563,\"caption\":\"Anguille responsable\"},\"image\":{\"@id\":\"https:\/\/anguilleresponsable.com\/#\/schema\/logo\/image\/\"}}]}<\/script>\n<!-- \/ Yoast SEO plugin. -->","yoast_head_json":{"title":"Anguille jaune - Anguille Responsable","robots":{"index":"index","follow":"follow","max-snippet":"max-snippet:-1","max-image-preview":"max-image-preview:large","max-video-preview":"max-video-preview:-1"},"canonical":"https:\/\/anguilleresponsable.com\/index.php\/nos-engins-et-nos-pratiques\/anguille-jaune\/","og_locale":"fr_FR","og_type":"article","og_title":"Anguille jaune - Anguille Responsable","og_description":"Elle est p\u00each\u00e9e dans des \u00e9cosyst\u00e8mes tr\u00e8s vari\u00e9s: lacs, lagunes m\u00e9diterran\u00e9ennes, ruisseaux, marais, doux et sal\u00e9s, fleuves, estuaires, baies et bassins c\u00f4tiers. Cette esp\u00e8ce pr\u00e9sente une remarquable adaptation aux variations de salinit\u00e9 et les \u00e9tudes effectu\u00e9es sur ses otolithes (petites concr\u00e9tions calcaires situ\u00e9es dans l&rsquo;oreille interne du poisson) montrent que les individus peuvent apr\u00e8s avoir","og_url":"https:\/\/anguilleresponsable.com\/index.php\/nos-engins-et-nos-pratiques\/anguille-jaune\/","og_site_name":"Anguille Responsable","article_modified_time":"2022-12-04T08:28:44+00:00","og_image":[{"url":"https:\/\/anguilleresponsable.com\/wp-content\/uploads\/2022\/10\/thau11-2-150x150.jpg","type":"","width":"","height":""}],"twitter_card":"summary_large_image","twitter_misc":{"Dur\u00e9e de lecture estim\u00e9e":"2 minutes"},"schema":{"@context":"https:\/\/schema.org","@graph":[{"@type":"WebPage","@id":"https:\/\/anguilleresponsable.com\/index.php\/nos-engins-et-nos-pratiques\/anguille-jaune\/","url":"https:\/\/anguilleresponsable.com\/index.php\/nos-engins-et-nos-pratiques\/anguille-jaune\/","name":"Anguille jaune - Anguille Responsable","isPartOf":{"@id":"https:\/\/anguilleresponsable.com\/#website"},"primaryImageOfPage":{"@id":"https:\/\/anguilleresponsable.com\/index.php\/nos-engins-et-nos-pratiques\/anguille-jaune\/#primaryimage"},"image":{"@id":"https:\/\/anguilleresponsable.com\/index.php\/nos-engins-et-nos-pratiques\/anguille-jaune\/#primaryimage"},"thumbnailUrl":"https:\/\/anguilleresponsable.com\/wp-content\/uploads\/2022\/10\/thau11-2-150x150.jpg","datePublished":"2022-10-02T13:27:33+00:00","dateModified":"2022-12-04T08:28:44+00:00","breadcrumb":{"@id":"https:\/\/anguilleresponsable.com\/index.php\/nos-engins-et-nos-pratiques\/anguille-jaune\/#breadcrumb"},"inLanguage":"fr-FR","potentialAction":[{"@type":"ReadAction","target":["https:\/\/anguilleresponsable.com\/index.php\/nos-engins-et-nos-pratiques\/anguille-jaune\/"]}]},{"@type":"ImageObject","inLanguage":"fr-FR","@id":"https:\/\/anguilleresponsable.com\/index.php\/nos-engins-et-nos-pratiques\/anguille-jaune\/#primaryimage","url":"https:\/\/anguilleresponsable.com\/wp-content\/uploads\/2022\/10\/thau11-2-150x150.jpg","contentUrl":"https:\/\/anguilleresponsable.com\/wp-content\/uploads\/2022\/10\/thau11-2-150x150.jpg"},{"@type":"BreadcrumbList","@id":"https:\/\/anguilleresponsable.com\/index.php\/nos-engins-et-nos-pratiques\/anguille-jaune\/#breadcrumb","itemListElement":[{"@type":"ListItem","position":1,"name":"Accueil","item":"https:\/\/anguilleresponsable.com\/"},{"@type":"ListItem","position":2,"name":"Nos engins et nos pratiques","item":"https:\/\/anguilleresponsable.com\/index.php\/nos-engins-et-nos-pratiques\/"},{"@type":"ListItem","position":3,"name":"Anguille jaune"}]},{"@type":"WebSite","@id":"https:\/\/anguilleresponsable.com\/#website","url":"https:\/\/anguilleresponsable.com\/","name":"Anguille Responsable","description":"Association Fran\u00e7aise pour la Promotion de la Marque Anguille Responsable","publisher":{"@id":"https:\/\/anguilleresponsable.com\/#organization"},"alternateName":"AFPMAR","potentialAction":[{"@type":"SearchAction","target":{"@type":"EntryPoint","urlTemplate":"https:\/\/anguilleresponsable.com\/?s={search_term_string}"},"query-input":{"@type":"PropertyValueSpecification","valueRequired":true,"valueName":"search_term_string"}}],"inLanguage":"fr-FR"},{"@type":"Organization","@id":"https:\/\/anguilleresponsable.com\/#organization","name":"Anguille responsable","alternateName":"AFPMAR","url":"https:\/\/anguilleresponsable.com\/","logo":{"@type":"ImageObject","inLanguage":"fr-FR","@id":"https:\/\/anguilleresponsable.com\/#\/schema\/logo\/image\/","url":"https:\/\/anguilleresponsable.com\/wp-content\/uploads\/2024\/06\/marqueAFPMAR.jpg","contentUrl":"https:\/\/anguilleresponsable.com\/wp-content\/uploads\/2024\/06\/marqueAFPMAR.jpg","width":1563,"height":1563,"caption":"Anguille responsable"},"image":{"@id":"https:\/\/anguilleresponsable.com\/#\/schema\/logo\/image\/"}}]}},"_links":{"self":[{"href":"https:\/\/anguilleresponsable.com\/index.php\/wp-json\/wp\/v2\/pages\/1551","targetHints":{"allow":["GET"]}}],"collection":[{"href":"https:\/\/anguilleresponsable.com\/index.php\/wp-json\/wp\/v2\/pages"}],"about":[{"href":"https:\/\/anguilleresponsable.com\/index.php\/wp-json\/wp\/v2\/types\/page"}],"author":[{"embeddable":true,"href":"https:\/\/anguilleresponsable.com\/index.php\/wp-json\/wp\/v2\/users\/2"}],"replies":[{"embeddable":true,"href":"https:\/\/anguilleresponsable.com\/index.php\/wp-json\/wp\/v2\/comments?post=1551"}],"version-history":[{"count":43,"href":"https:\/\/anguilleresponsable.com\/index.php\/wp-json\/wp\/v2\/pages\/1551\/revisions"}],"predecessor-version":[{"id":4832,"href":"https:\/\/anguilleresponsable.com\/index.php\/wp-json\/wp\/v2\/pages\/1551\/revisions\/4832"}],"up":[{"embeddable":true,"href":"https:\/\/anguilleresponsable.com\/index.php\/wp-json\/wp\/v2\/pages\/1533"}],"wp:attachment":[{"href":"https:\/\/anguilleresponsable.com\/index.php\/wp-json\/wp\/v2\/media?parent=1551"}],"curies":[{"name":"wp","href":"https:\/\/api.w.org\/{rel}","templated":true}]}}